{"id":8,"date":"2018-04-25T09:16:16","date_gmt":"2018-04-25T09:16:16","guid":{"rendered":"https:\/\/demo.themefreesia.com\/photograph\/?page_id=8"},"modified":"2023-01-01T16:09:46","modified_gmt":"2023-01-01T16:09:46","slug":"about-us","status":"publish","type":"page","link":"https:\/\/erenneon.com\/?page_id=8","title":{"rendered":"Hakk\u0131m\u0131zda"},"content":{"rendered":"<h2>Eren Neon<\/h2>\n<p>Firmam\u0131z 2005 y\u0131l\u0131nda \u0130stanbul\u2019da faaliyet g\u00f6stermeye ba\u015flam\u0131\u015ft\u0131r. Eren Neon olarak 16 y\u0131ld\u0131r neon imalat\u0131, tasar\u0131m\u0131, montaj\u0131 ve sonraki d\u00f6nemlerde de neon ar\u0131za servis deste\u011fi ile siz de\u011ferli m\u00fc\u015fterilerimize hizmet vermeye devam ediyoruz.<\/p>\n<blockquote><p>Neon \u0130malat\u0131 alan\u0131nda yapt\u0131\u011f\u0131m\u0131z \u00e7al\u0131\u015fmalar\u0131n yan\u0131nda Neon Led tasar\u0131mlar, Tabela \u00c7e\u015fitleri \u00dcretimi(Kutu Harf vs.) ve Trafo sat\u0131\u015f\u0131 ile neon alan\u0131nda her t\u00fcrl\u00fc ihtiyac\u0131 kar\u015f\u0131lamaya \u00e7al\u0131\u015f\u0131yoruz. Firmam\u0131z ba\u015fta T\u00fcrkiye genelinde olmak \u00fczere \u00e7e\u015fitli \u00fclkelere yapt\u0131\u011f\u0131m\u0131z \u00e7al\u0131\u015fmalar ile Neon \u0130malat\u0131nda \u00f6nc\u00fcl\u00fck etmeye devam ediyoruz.<\/p><\/blockquote>\n","protected":false},"excerpt":{"rendered":"<p>Eren Neon Firmam\u0131z 2005 y\u0131l\u0131nda \u0130stanbul\u2019da faaliyet g\u00f6stermeye ba\u015flam\u0131\u015ft\u0131r. Eren Neon olarak 16 y\u0131ld\u0131r neon imalat\u0131, tasar\u0131m\u0131, montaj\u0131 ve sonraki d\u00f6nemlerde de neon ar\u0131za servis&hellip; <\/p>\n","protected":false},"author":1,"featured_media":586,"parent":0,"menu_order":0,"comment_status":"closed","ping_status":"closed","template":"page-templates\/aboutus-template.php","meta":[],"_links":{"self":[{"href":"https:\/\/erenneon.com\/index.php?rest_route=\/wp\/v2\/pages\/8"}],"collection":[{"href":"https:\/\/erenneon.com\/index.php?rest_route=\/wp\/v2\/pages"}],"about":[{"href":"https:\/\/erenneon.com\/index.php?rest_route=\/wp\/v2\/types\/page"}],"author":[{"embeddable":true,"href":"https:\/\/erenneon.com\/index.php?rest_route=\/wp\/v2\/users\/1"}],"replies":[{"embeddable":true,"href":"https:\/\/erenneon.com\/index.php?rest_route=%2Fwp%2Fv2%2Fcomments&post=8"}],"version-history":[{"count":2,"href":"https:\/\/erenneon.com\/index.php?rest_route=\/wp\/v2\/pages\/8\/revisions"}],"predecessor-version":[{"id":584,"href":"https:\/\/erenneon.com\/index.php?rest_route=\/wp\/v2\/pages\/8\/revisions\/584"}],"wp:featuredmedia":[{"embeddable":true,"href":"https:\/\/erenneon.com\/index.php?rest_route=\/wp\/v2\/media\/586"}],"wp:attachment":[{"href":"https:\/\/erenneon.com\/index.php?rest_route=%2Fwp%2Fv2%2Fmedia&parent=8"}],"curies":[{"name":"wp","href":"https:\/\/api.w.org\/{rel}","templated":true}]}}